5). Let f be 23/(-4)*l*(-2 + 0). What is the tens digit of ((-3)/(-3))/(1/f)?
2
Suppose -l = 5*u - 94389, 4*u + 15082 = -5*l + 90610. What is the hundreds digit of u?
8
Suppose 726*r = 1288421 - 49139. What is the tens digit of r?
0
Let b(p) = -21*p. Let j(g) = 22*g + 1. Let q(m) = -2*b(m) - 3*j(m). Let x be q(-3). What is the tens digit of x/(0*(-4)/(-12) + 1)?
6
Let f be 30/(-5) - (-4)/(-2). What is the hundreds digit of 20/(-3 - f) + 215?
2
Let m(p) = 2*p**2 - 8*p + 36. Let t be m(8). Suppose 273 = u + t. What is the hundreds digit of u?
1
Let l be 0 - (2/2)/(-1). Suppose -3*p + 96 = 3*a - 6, a - 22 = 5*p. Suppose -z = -s - a - 13, s = -l. What is the tens digit of z?
4
Let t(l) = -l**3 + 26*l**2 - 25*l + 2. Let m be t(25). Let k(f) = f**m - 52 - 56 + 10*f + 70. What is the hundreds digit of k(-18)?
1
Let k(x) be the second derivative of x**5/20 - x**4/6 + x**3/2 - x**2 - 15*x. Let l be k(2). What is the tens digit of ((-5)/l)/((5 + -7)/24)?
1
Let y(q) = 11*q**3 + q - 2. Suppose -o = 5*o - 6. Let v be y(o). Suppose 2*p + v = 144. What is the tens digit of p?
6
Let t(s) = 15*s - 11 + 19*s - 41*s. Let h be t(-14). Let n = 232 - h. What is the hundreds digit of n?
1
Suppose 16*s + 3*z - 1439 = 15*s, 0 = s + 2*z - 1440. What is the hundreds digit of s?
4
Let y = -26328 + 35712. What is the thousands digit of y?
9
Suppose n = -0*n + 62. Suppose -n*c - 1 = -63*c. What is the units digit of 16/(-4) + c/(1/171)?
7
Suppose 2*d = -2*s + 60, -2*d = 2*d - 3*s - 134. Suppose 0 = 33*j - d*j - 508. What is the units digit of j?
8
Let s = -226 - -231. Suppose -s*d = -4*x - 1697, 0 = 4*d - 3*d + 4*x - 349. What is the hundreds digit of d?
3
Let s(z) be the third derivative of 25/6*z**3 - 1/24*z**4 - 19*z**2 + 0 + 0*z. What is the units digit of s(10)?
5
Suppose 34*t - 29*t - 20 = 0. Let x(v) be the second derivative of v**3/2 - 5*v**2 + v. What is the units digit of x(t)?
2
Let k = -876 - -852. Let p = k + 680. What is the tens digit of p?
5
Let v be (-54916)/(-32) + 10/(-80). Suppose 2*p - 4*z - v = 0, -18*z + 8 = -22*z. What is the hundreds digit of p?
8
What is the units digit of (-341 + 2)/((-45)/255) + 0?
1
Suppose -75*x - 1389055 = -96*x - 443950. What is the units digit of x?
5
Suppose 42*f = 46446 + 19704. Let d = f + -637. What is the units digit of d?
8
Let v(x) = 9*x**3 + 10*x**2 - 26*x - 202. What is the thousands digit of v(12)?
6
Let b be ((-1)/4)/(1 - 9/8). Suppose b*z - 766 = -3*x, 11*z - 1873 = 6*z + 3*x. What is the units digit of z?
7
Let d = 85804 - 55857. What is the thousands digit of d?
9
Suppose 0 = 2*s - 4*r - 1678, -5*r = -3*r + 10. Let d = s - 407. Suppose 47 = n + l - 57, 2*l = -4*n + d. What is the hundreds digit of n?
1
Suppose 5*o + 3*g + 1733 = 0, -1408 = 4*o + g - 4*g. Let q = o - -771. Let d = q + -203. What is the hundreds digit of d?
2
Let f = 2 - -6. Let r(y) = -4 - 317*y**2 + 155*y**2 + 20*y + 161*y**2. What is the units digit of r(f)?
2
Let y(j) = 7*j**2 + 4*j. Suppose 0 = -0*v - 2*v + 5*v. Suppose v = -6*p + 9*p + 9. What is the units digit of y(p)?
1
Suppose -26*l - 3*n - 138024 = -29*l, 0 = 2*l + n - 91995. What is the thousands digit of l?
6
Suppose 4*r = 3*v - 14740 - 19528, v + r = 11432. What is the units digit of v?
8
Suppose -37*f + 41*f + 2*h = 152, -h = 3*f - 112. What is the units digit of 6/(f/14)*(-1 - -178)?
3
Let v(y) = 5*y**2 - 266*y + 90. What is the hundreds digit of v(80)?
8
Suppose -b - 623 = 1432. Let n = -886 - b. What is the thousands digit of n?
1
Suppose 0*w - 3*g = -w - 12, -5 = -g. Let a(l) = 28*l**3 - 3*l + 2. Let p be a(2). Suppose -w*o = -o - p. What is the tens digit of o?
1
What is the units digit of 6 + 6600 + (26 - 14)?
8
Suppose -479276 = 4063*w - 4091*w. What is the tens digit of w?
1
Let n(w) = -38*w**3 - 7*w**2 + 14*w - 46. Let x be n(4). Let z = -1081 - x. What is the tens digit of z?
5
Suppose 6415 - 60975 = -11*d. Suppose 5*c + 3*q - d = 0, 2*q - 6*q - 4000 = -4*c. What is the units digit of c?
5
Suppose -s + 2*l + 70 = 0, -5*s - 27 + 422 = 5*l. Let j = 1124 + s. What is the thousands digit of j?
1
What is the thousands digit of ((180276/15)/2)/((-2)/(-10))?
0
Let d(p) = p**2 - 29*p + 1. Let t be d(29). What is the hundreds digit of 20*t*(69 + 3/(-3))?
3
Let u be 5 - (3/4 + 15/60). Suppose 3*n - 8*q + 3*q - 1013 = 0, 0 = -u*n + 4*q + 1340. What is the hundreds digit of n?
3
Let l = 177196 + -107491. What is the units digit of l?
5
Suppose c - 2679 - 1275 = 0. Suppose 0 = 6*v + c + 3054. What is the tens digit of (-2)/(-3) + v/(-12) - 3?
9
Let o(m) = m**2 - 23*m + 114. Let y be o(5). What is the tens digit of -4*42/y + 845?
3
Suppose -36*q - 23448 = -12*q. Let b = -707 - q. What is the hundreds digit of b?
2
What is the units digit of 495/(-594) + 88642/12?
6
Let w = 119248 + -44100. What is the thousands digit of w?
5
Suppose 5*l = 2*x + 177395, 31*l - 36*l + 177430 = 5*x. What is the units digit of l?
1
Suppose 159*s - 9108450 = -75*s. What is the hundreds digit of s?
9
Suppose f + 2*m = -0*f - 6, 3*f = -5*m - 13. Let o(y) = 16*y + 59. What is the hundreds digit of o(f)?
1
Let r(s) = -31*s - 43. Let d(m) = -15*m - 22. Let o(q) = -13*d(q) + 6*r(q). Suppose 6 = 28*u - 30*u. What is the units digit of o(u)?
1
Suppose -14279 = -3*i + 2*j, 4*j - 14309 = 7*i - 10*i. What is the units digit of i?
3
Let u(b) = -244*b - 1251. What is the units digit of u(-37)?
7
Suppose 2 = -2*n + 16. Suppose u = -2 + n. Suppose m + 4*t + 53 = 2*m, -u*m + 217 = -4*t. What is the tens digit of m?
4
What is the ten thousands digit of (2828/(12/(-6)))/(7/322*-4)?
1
Let s(g) = -g**2 + 6*g + 17. Let a be s(8). Let k be (-16)/a*(-154)/28. Let r = -47 + k. What is the tens digit of r?
4
What is the units digit of (-4 - (-91)/21)*11811?
7
Suppose 19*d - 7*d - 10668 = 0. Suppose -9*b + 2608 - d = 0. What is the tens digit of b?
9
Suppose -20*s - 2*m + 217838 = -17*s, 0 = -3*s + 3*m + 217848. What is the tens digit of s?
1
Suppose b - 1 = -0*b + 4*r, -3*r + 1 = b. Suppose -4*u = 5*o - 2179, 0 = 13*u - 12*u - b. What is the units digit of o?
5
Let k be (3024/(-15))/1*-5. Suppose -5*b = 4*j - 992, -4*j - 2*b + k = -b. What is the tens digit of j?
5
Let z = 145925 + -81277. What is the tens digit of z?
4
Suppose -2*o + 10 = -2*h, -10 = -4*o - 3*h + 3. Suppose -134 = 4*g - z, 3*z = o*g - z + 128. Let n = g + 89. What is the units digit of n?
5
Let o = 576 - 903. Let k = 75 - o. What is the units digit of k?
2
Suppose -10*j + 2 = 62. What is the tens digit of (7/(70/(-15)))/(j/1112)?
7
Suppose 253 - 265 = -4*l. Suppose 2*f = l*o - 3331, 6*f + 2821 + 518 = 3*o. What is the thousands digit of o?
1
Let v(s) = s**2 + 6*s + 42. Let f be v(-12). Let p = 116 - f. Suppose 4*h + 348 = p*n + 90, 3*h = -12. What is the tens digit of n?
2
Let x = -6854 + 18516. What is the units digit of x?
2
Let l be 0 + 2 - (1 + 2). Let d be (l - (-9 + 3))*4/5. Let k(w) = 14*w - 6. What is the tens digit of k(d)?
5
Suppose 0 = 26*k - 159 + 29. What is the tens digit of 1 + 83*9 + (8 - k)?
5
Suppose 5*x - 14 - 6 = 0, 0 = z + 4*x - 20. Suppose 0 = -z*l - 2*o + 34, -l + 2*o + 0*o = -16. What is the units digit of l?
0
Let t = -52 + 19. Let g = 61 + t. Let i = g - 7. What is the units digit of i?
1
Suppose -2*g + 89604 = 3*d, -1844*d = -1842*d + 3*g - 59726. What is the hundreds digit of d?
8
Let o(i) = 11*i - 15. Let t be o(6). Suppose t*x = 55*x - 1236. What is the hundreds digit of x?
3
Suppose 12120 = -365*h + 375*h. What is the tens digit of h?
1
Let d(b) = 22*b**2 - 134*b + 17. What is the units digit of d(-13)?
7
Let t = 3196 + -544. What is the units digit of t?
2
Let h(w) = 175*w - 3. Let k be h(-1). Let g = k + 96. Let f = g - -91. What is the units digit of f?
9
Let z be (-12)/(-4) + -6 - -4*2. Suppose z*t + 2029 = 2*y, t + 2*y + 413 = -0*t. Let c = 611 + t. What is the tens digit of c?
0
Let c = 2548 + -243. What is the units digit of c?
5
Suppose -6*c + c = -30. Suppose c*f - 1092 = -8*f. What is the tens digit of f?
7
Let u be (106/8)/(3 - 694/232). Let i = u - 885. What is the units digit of i?
2
Let j(d) = -5*d**3 - d**2. Let t be j(-1). Suppose -4*r = -2*h + h - 1080, t*r = 3*h + 1072. Suppose 5*w - 534 = r. What is the units digit of w?
1
Suppose -5*n + 165 = -265. Suppose -82*d + 180 = -n*d. Let f = d - -132. What is the te